{"id":3662,"date":"2016-06-01T22:15:18","date_gmt":"2016-06-01T22:15:18","guid":{"rendered":"https:\/\/dianal11.sg-host.com\/?post_type=event_listing&#038;p=3662"},"modified":"2021-04-15T02:33:06","modified_gmt":"2021-04-15T02:33:06","slug":"fundacion-hypatia-entrevista-a-andrea-zondek","status":"publish","type":"event_listing","link":"https:\/\/hypatia.cl\/en\/event\/fundacion-hypatia-entrevista-a-andrea-zondek\/","title":{"rendered":"Fundaci\u00f3n Hypatia entrevista a Andrea Zondek"},"content":{"rendered":"<p>El pr\u00f3ximo Jueves 16 de Junio, a las 9.00 hrs en punto!, estaremos partiendo nuestra entrevista a Andrea Zondek, presidenta de Fundaci\u00f3n TACAL. Nos reuniremos en el Auditorio de Transoce\u00e1nica (Santa Mar\u00eda 5888, Vitacura) a conversar con ella sobre nuestra responsabilidad com\u00fan en la Inclusi\u00f3n Social; acerca de c\u00f3mo abrir oportunidades a las personas con discapacidad en las organizaciones y en la comunidad; y los grandes beneficios de incluirnos todos en la fuerza laboral. Andrea cuenta con m\u00e1s de 30 a\u00f1os de experiencia en\u00a0formaci\u00f3n laboral y colocaci\u00f3n de personas con discapacidad y extrema pobreza en organizaciones. Actualmente\u00a0su fundaci\u00f3n ha ubicado a m\u00e1s de 2.200 personas con discapacidad en puestos de trabajo regulares y contin\u00faa con su trascendente labor de\u00a0capacitaci\u00f3n, apoyo, colocaci\u00f3n y seguimiento a las personas con discapacidad en las empresas.<\/p>","protected":false},"featured_media":0,"template":"","meta":{"site-sidebar-layout":"default","site-content-layout":"","ast-site-content-layout":"","site-content-style":"default","site-sidebar-style":"default","ast-global-header-display":"","ast-banner-title-visibility":"","ast-main-header-display":"","ast-hfb-above-header-display":"","ast-hfb-below-header-display":"","ast-hfb-mobile-header-display":"","site-post-title":"","ast-breadcrumbs-content":"","ast-featured-img":"","footer-sml-layout":"","theme-transparent-header-meta":"","adv-header-id-meta":"","stick-header-meta":"","header-above-stick-meta":"","header-main-stick-meta":"","header-below-stick-meta":"","astra-migrate-meta-layouts":"default","ast-page-background-enabled":"default","ast-page-background-meta":{"desktop":{"background-color":"","background-image":"","background-repeat":"repeat","background-position":"center center","background-size":"auto","background-attachment":"scroll","background-type":"","background-media":"","overlay-type":"","overlay-color":"","overlay-opacity":"","overlay-gradient":""},"tablet":{"background-color":"","background-image":"","background-repeat":"repeat","background-position":"center center","background-size":"auto","background-attachment":"scroll","background-type":"","background-media":"","overlay-type":"","overlay-color":"","overlay-opacity":"","overlay-gradient":""},"mobile":{"background-color":"","background-image":"","background-repeat":"repeat","background-position":"center center","background-size":"auto","background-attachment":"scroll","background-type":"","background-media":"","overlay-type":"","overlay-color":"","overlay-opacity":"","overlay-gradient":""}},"ast-content-background-meta":{"desktop":{"background-color":"var(--ast-global-color-5)","background-image":"","background-repeat":"repeat","background-position":"center center","background-size":"auto","background-attachment":"scroll","background-type":"","background-media":"","overlay-type":"","overlay-color":"","overlay-opacity":"","overlay-gradient":""},"tablet":{"background-color":"var(--ast-global-color-5)","background-image":"","background-repeat":"repeat","background-position":"center center","background-size":"auto","background-attachment":"scroll","background-type":"","background-media":"","overlay-type":"","overlay-color":"","overlay-opacity":"","overlay-gradient":""},"mobile":{"background-color":"var(--ast-global-color-5)","background-image":"","background-repeat":"repeat","background-position":"center center","background-size":"auto","background-attachment":"scroll","background-type":"","background-media":"","overlay-type":"","overlay-color":"","overlay-opacity":"","overlay-gradient":""}}},"event_listing_category":[],"event_listing_type":[258],"class_list":["post-3662","event_listing","type-event_listing","status-publish","hentry","event_listing_type-entrevista"],"yoast_head":"<!-- This site is optimized with the Yoast SEO plugin v23.7 - https:\/\/yoast.com\/wordpress\/plugins\/seo\/ -->\n<title>Fundaci\u00f3n Hypatia entrevista a Andrea Zondek - Fundacion Hypatia<\/title>\n<meta name=\"robots\" content=\"index, follow, max-snippet:-1, max-image-preview:large, max-video-preview:-1\" \/>\n<link rel=\"canonical\" href=\"https:\/\/hypatia.cl\/en\/evento\/fundacion-hypatia-entrevista-a-andrea-zondek\/\" \/>\n<meta property=\"og:locale\" content=\"en_US\" \/>\n<meta property=\"og:type\" content=\"article\" \/>\n<meta property=\"og:title\" content=\"Fundaci\u00f3n Hypatia entrevista a Andrea Zondek - Fundacion Hypatia\" \/>\n<meta property=\"og:description\" content=\"El pr\u00f3ximo Jueves 16 de Junio, a las 9.00 hrs en punto!, estaremos partiendo nuestra entrevista a Andrea Zondek, presidenta de Fundaci\u00f3n TACAL. Nos reuniremos en el Auditorio de Transoce\u00e1nica (Santa Mar\u00eda 5888, Vitacura) a conversar con ella sobre nuestra responsabilidad com\u00fan en la Inclusi\u00f3n Social; acerca de c\u00f3mo abrir oportunidades a las personas con [&hellip;]\" \/>\n<meta property=\"og:url\" content=\"https:\/\/hypatia.cl\/en\/evento\/fundacion-hypatia-entrevista-a-andrea-zondek\/\" \/>\n<meta property=\"og:site_name\" content=\"Fundacion Hypatia\" \/>\n<meta property=\"article:modified_time\" content=\"2021-04-15T02:33:06+00:00\" \/>\n<meta name=\"twitter:card\" content=\"summary_large_image\" \/>\n<meta name=\"twitter:label1\" content=\"Est. reading time\" \/>\n\t<meta name=\"twitter:data1\" content=\"1 minute\" \/>\n<script type=\"application\/ld+json\" class=\"yoast-schema-graph\">{\"@context\":\"https:\/\/schema.org\",\"@graph\":[{\"@type\":\"WebPage\",\"@id\":\"https:\/\/hypatia.cl\/evento\/fundacion-hypatia-entrevista-a-andrea-zondek\/\",\"url\":\"https:\/\/hypatia.cl\/evento\/fundacion-hypatia-entrevista-a-andrea-zondek\/\",\"name\":\"Fundaci\u00f3n Hypatia entrevista a Andrea Zondek - Fundacion Hypatia\",\"isPartOf\":{\"@id\":\"https:\/\/hypatia.cl\/#website\"},\"datePublished\":\"2016-06-01T22:15:18+00:00\",\"dateModified\":\"2021-04-15T02:33:06+00:00\",\"breadcrumb\":{\"@id\":\"https:\/\/hypatia.cl\/evento\/fundacion-hypatia-entrevista-a-andrea-zondek\/#breadcrumb\"},\"inLanguage\":\"en-US\",\"potentialAction\":[{\"@type\":\"ReadAction\",\"target\":[\"https:\/\/hypatia.cl\/evento\/fundacion-hypatia-entrevista-a-andrea-zondek\/\"]}]},{\"@type\":\"BreadcrumbList\",\"@id\":\"https:\/\/hypatia.cl\/evento\/fundacion-hypatia-entrevista-a-andrea-zondek\/#breadcrumb\",\"itemListElement\":[{\"@type\":\"ListItem\",\"position\":1,\"name\":\"Portada\",\"item\":\"https:\/\/hypatia.cl\/\"},{\"@type\":\"ListItem\",\"position\":2,\"name\":\"Fundaci\u00f3n Hypatia entrevista a Andrea Zondek\"}]},{\"@type\":\"WebSite\",\"@id\":\"https:\/\/hypatia.cl\/#website\",\"url\":\"https:\/\/hypatia.cl\/\",\"name\":\"Fundacion Hypatia\",\"description\":\"Espacios de meditaci\u00f3n y autocuidado\",\"publisher\":{\"@id\":\"https:\/\/hypatia.cl\/#organization\"},\"potentialAction\":[{\"@type\":\"SearchAction\",\"target\":{\"@type\":\"EntryPoint\",\"urlTemplate\":\"https:\/\/hypatia.cl\/?s={search_term_string}\"},\"query-input\":{\"@type\":\"PropertyValueSpecification\",\"valueRequired\":true,\"valueName\":\"search_term_string\"}}],\"inLanguage\":\"en-US\"},{\"@type\":\"Organization\",\"@id\":\"https:\/\/hypatia.cl\/#organization\",\"name\":\"Fundacion Hypatia\",\"url\":\"https:\/\/hypatia.cl\/\",\"logo\":{\"@type\":\"ImageObject\",\"inLanguage\":\"en-US\",\"@id\":\"https:\/\/hypatia.cl\/#\/schema\/logo\/image\/\",\"url\":\"https:\/\/hypatia.cl\/wp-content\/uploads\/2020\/11\/cropped-cropped-cropped-logo_hypatia_chile2-1.png\",\"contentUrl\":\"https:\/\/hypatia.cl\/wp-content\/uploads\/2020\/11\/cropped-cropped-cropped-logo_hypatia_chile2-1.png\",\"width\":225,\"height\":75,\"caption\":\"Fundacion Hypatia\"},\"image\":{\"@id\":\"https:\/\/hypatia.cl\/#\/schema\/logo\/image\/\"}}]}<\/script>\n<!-- \/ Yoast SEO plugin. -->","yoast_head_json":{"title":"Fundaci\u00f3n Hypatia entrevista a Andrea Zondek - Fundacion Hypatia","robots":{"index":"index","follow":"follow","max-snippet":"max-snippet:-1","max-image-preview":"max-image-preview:large","max-video-preview":"max-video-preview:-1"},"canonical":"https:\/\/hypatia.cl\/en\/evento\/fundacion-hypatia-entrevista-a-andrea-zondek\/","og_locale":"en_US","og_type":"article","og_title":"Fundaci\u00f3n Hypatia entrevista a Andrea Zondek - Fundacion Hypatia","og_description":"El pr\u00f3ximo Jueves 16 de Junio, a las 9.00 hrs en punto!, estaremos partiendo nuestra entrevista a Andrea Zondek, presidenta de Fundaci\u00f3n TACAL. Nos reuniremos en el Auditorio de Transoce\u00e1nica (Santa Mar\u00eda 5888, Vitacura) a conversar con ella sobre nuestra responsabilidad com\u00fan en la Inclusi\u00f3n Social; acerca de c\u00f3mo abrir oportunidades a las personas con [&hellip;]","og_url":"https:\/\/hypatia.cl\/en\/evento\/fundacion-hypatia-entrevista-a-andrea-zondek\/","og_site_name":"Fundacion Hypatia","article_modified_time":"2021-04-15T02:33:06+00:00","twitter_card":"summary_large_image","twitter_misc":{"Est. reading time":"1 minute"},"schema":{"@context":"https:\/\/schema.org","@graph":[{"@type":"WebPage","@id":"https:\/\/hypatia.cl\/evento\/fundacion-hypatia-entrevista-a-andrea-zondek\/","url":"https:\/\/hypatia.cl\/evento\/fundacion-hypatia-entrevista-a-andrea-zondek\/","name":"Fundaci\u00f3n Hypatia entrevista a Andrea Zondek - Fundacion Hypatia","isPartOf":{"@id":"https:\/\/hypatia.cl\/#website"},"datePublished":"2016-06-01T22:15:18+00:00","dateModified":"2021-04-15T02:33:06+00:00","breadcrumb":{"@id":"https:\/\/hypatia.cl\/evento\/fundacion-hypatia-entrevista-a-andrea-zondek\/#breadcrumb"},"inLanguage":"en-US","potentialAction":[{"@type":"ReadAction","target":["https:\/\/hypatia.cl\/evento\/fundacion-hypatia-entrevista-a-andrea-zondek\/"]}]},{"@type":"BreadcrumbList","@id":"https:\/\/hypatia.cl\/evento\/fundacion-hypatia-entrevista-a-andrea-zondek\/#breadcrumb","itemListElement":[{"@type":"ListItem","position":1,"name":"Portada","item":"https:\/\/hypatia.cl\/"},{"@type":"ListItem","position":2,"name":"Fundaci\u00f3n Hypatia entrevista a Andrea Zondek"}]},{"@type":"WebSite","@id":"https:\/\/hypatia.cl\/#website","url":"https:\/\/hypatia.cl\/","name":"Fundacion Hypatia","description":"Espacios de meditaci\u00f3n y autocuidado","publisher":{"@id":"https:\/\/hypatia.cl\/#organization"},"potentialAction":[{"@type":"SearchAction","target":{"@type":"EntryPoint","urlTemplate":"https:\/\/hypatia.cl\/?s={search_term_string}"},"query-input":{"@type":"PropertyValueSpecification","valueRequired":true,"valueName":"search_term_string"}}],"inLanguage":"en-US"},{"@type":"Organization","@id":"https:\/\/hypatia.cl\/#organization","name":"Fundacion Hypatia","url":"https:\/\/hypatia.cl\/","logo":{"@type":"ImageObject","inLanguage":"en-US","@id":"https:\/\/hypatia.cl\/#\/schema\/logo\/image\/","url":"https:\/\/hypatia.cl\/wp-content\/uploads\/2020\/11\/cropped-cropped-cropped-logo_hypatia_chile2-1.png","contentUrl":"https:\/\/hypatia.cl\/wp-content\/uploads\/2020\/11\/cropped-cropped-cropped-logo_hypatia_chile2-1.png","width":225,"height":75,"caption":"Fundacion Hypatia"},"image":{"@id":"https:\/\/hypatia.cl\/#\/schema\/logo\/image\/"}}]}},"_links":{"self":[{"href":"https:\/\/hypatia.cl\/en\/wp-json\/wp\/v2\/event_listing\/3662"}],"collection":[{"href":"https:\/\/hypatia.cl\/en\/wp-json\/wp\/v2\/event_listing"}],"about":[{"href":"https:\/\/hypatia.cl\/en\/wp-json\/wp\/v2\/types\/event_listing"}],"wp:attachment":[{"href":"https:\/\/hypatia.cl\/en\/wp-json\/wp\/v2\/media?parent=3662"}],"wp:term":[{"taxonomy":"event_listing_category","embeddable":true,"href":"https:\/\/hypatia.cl\/en\/wp-json\/wp\/v2\/event_listing_category?post=3662"},{"taxonomy":"event_listing_type","embeddable":true,"href":"https:\/\/hypatia.cl\/en\/wp-json\/wp\/v2\/event_listing_type?post=3662"}],"curies":[{"name":"wp","href":"https:\/\/api.w.org\/{rel}","templated":true}]}}

Fundación Hypatia entrevista a Andrea Zondek

<p>El próximo Jueves 16 de Junio, a las 9.00 hrs en punto!, estaremos partiendo nuestra entrevista a Andrea Zondek, presidenta de Fundación TACAL. Nos reuniremos en el Auditorio de Transoceánica (Santa María 5888, Vitacura) a conversar con ella sobre nuestra responsabilidad común en la Inclusión Social; acerca de cómo abrir oportunidades a las personas con discapacidad en las organizaciones y en la comunidad; y los grandes beneficios de incluirnos todos en la fuerza laboral. Andrea cuenta con más de 30 años de experiencia en formación laboral y colocación de personas con discapacidad y extrema pobreza en organizaciones. Actualmente su fundación ha ubicado a más de 2.200 personas con discapacidad en puestos de trabajo regulares y continúa con su trascendente labor de capacitación, apoyo, colocación y seguimiento a las personas con discapacidad en las empresas.</p>

<!-- This site is optimized with the Yoast SEO plugin v23.7 - https://yoast.com/wordpress/plugins/seo/ -->
<title>Fundación Hypatia entrevista a Andrea Zondek - Fundacion Hypatia</title>
<meta name="robots" content="index, follow, max-snippet:-1, max-image-preview:large, max-video-preview:-1" />
<link rel="canonical" href="https://hypatia.cl/en/evento/fundacion-hypatia-entrevista-a-andrea-zondek/" />
<meta property="og:locale" content="en_US" />
<meta property="og:type" content="article" />
<meta property="og:title" content="Fundación Hypatia entrevista a Andrea Zondek - Fundacion Hypatia" />
<meta property="og:description" content="El próximo Jueves 16 de Junio, a las 9.00 hrs en punto!, estaremos partiendo nuestra entrevista a Andrea Zondek, presidenta de Fundación TACAL. Nos reuniremos en el Auditorio de Transoceánica (Santa María 5888, Vitacura) a conversar con ella sobre nuestra responsabilidad común en la Inclusión Social; acerca de cómo abrir oportunidades a las personas con [&hellip;]" />
<meta property="og:url" content="https://hypatia.cl/en/evento/fundacion-hypatia-entrevista-a-andrea-zondek/" />
<meta property="og:site_name" content="Fundacion Hypatia" />
<meta property="article:modified_time" content="2021-04-15T02:33:06+00:00" />
<meta name="twitter:card" content="summary_large_image" />
<meta name="twitter:label1" content="Est. reading time" />
	<meta name="twitter:data1" content="1 minute" />
<script type="application/ld+json" class="yoast-schema-graph">{"@context":"https://schema.org","@graph":[{"@type":"WebPage","@id":"https://hypatia.cl/evento/fundacion-hypatia-entrevista-a-andrea-zondek/","url":"https://hypatia.cl/evento/fundacion-hypatia-entrevista-a-andrea-zondek/","name":"Fundación Hypatia entrevista a Andrea Zondek - Fundacion Hypatia","isPartOf":{"@id":"https://hypatia.cl/#website"},"datePublished":"2016-06-01T22:15:18+00:00","dateModified":"2021-04-15T02:33:06+00:00","breadcrumb":{"@id":"https://hypatia.cl/evento/fundacion-hypatia-entrevista-a-andrea-zondek/#breadcrumb"},"inLanguage":"en-US","potentialAction":[{"@type":"ReadAction","target":["https://hypatia.cl/evento/fundacion-hypatia-entrevista-a-andrea-zondek/"]}]},{"@type":"BreadcrumbList","@id":"https://hypatia.cl/evento/fundacion-hypatia-entrevista-a-andrea-zondek/#breadcrumb","itemListElement":[{"@type":"ListItem","position":1,"name":"Portada","item":"https://hypatia.cl/"},{"@type":"ListItem","position":2,"name":"Fundación Hypatia entrevista a Andrea Zondek"}]},{"@type":"WebSite","@id":"https://hypatia.cl/#website","url":"https://hypatia.cl/","name":"Fundacion Hypatia","description":"Espacios de meditación y autocuidado","publisher":{"@id":"https://hypatia.cl/#organization"},"potentialAction":[{"@type":"SearchAction","target":{"@type":"EntryPoint","urlTemplate":"https://hypatia.cl/?s={search_term_string}"},"query-input":{"@type":"PropertyValueSpecification","valueRequired":true,"valueName":"search_term_string"}}],"inLanguage":"en-US"},{"@type":"Organization","@id":"https://hypatia.cl/#organization","name":"Fundacion Hypatia","url":"https://hypatia.cl/","logo":{"@type":"ImageObject","inLanguage":"en-US","@id":"https://hypatia.cl/#/schema/logo/image/","url":"https://hypatia.cl/wp-content/uploads/2020/11/cropped-cropped-cropped-logo_hypatia_chile2-1.png","contentUrl":"https://hypatia.cl/wp-content/uploads/2020/11/cropped-cropped-cropped-logo_hypatia_chile2-1.png","width":225,"height":75,"caption":"Fundacion Hypatia"},"image":{"@id":"https://hypatia.cl/#/schema/logo/image/"}}]}</script>
<!-- / Yoast SEO plugin. -->

Fundación Hypatia entrevista a Andrea Zondek - Fundacion Hypatia

El próximo Jueves 16 de Junio, a las 9.00 hrs en punto!, estaremos partiendo nuestra entrevista a Andrea Zondek, presidenta de Fundación TACAL. Nos reuniremos en el Auditorio de Transoceánica (Santa María 5888, Vitacura) a conversar con ella sobre nuestra responsabilidad común en la Inclusión Social; acerca de cómo abrir oportunidades a las personas con [&hellip;]

Espacios de meditación y autocuidado
