{"id":3718,"date":"2018-08-06T17:55:28","date_gmt":"2018-08-06T17:55:28","guid":{"rendered":"https:\/\/dianal11.sg-host.com\/?post_type=event_listing&#038;p=3718"},"modified":"2022-04-14T15:26:33","modified_gmt":"2022-04-14T15:26:33","slug":"hypatia-entrevista-patricia-may","status":"publish","type":"event_listing","link":"https:\/\/hypatia.cl\/en\/event\/hypatia-entrevista-patricia-may\/","title":{"rendered":"Patricia May"},"content":{"rendered":"<p>El Jueves\u00a0 30 de Agosto a las 19:00 hrs continuamos con el Ciclo de Entrevistas Redes Virtuosas. En esta ocasi\u00f3n Fundaci\u00f3n Hypatia entrevista a la antrop\u00f3loga espiritual chilena Patricia May en el Teatro IF en Ave. Italia.\u00a0 Conversaremos con ella sobre\u00a0el bienestar y realizaci\u00f3n interna que genera el estar en armon\u00eda con nuestro prop\u00f3sito profundo, y c\u00f3mo mantenernos atentos y abiertos a sintonizar con el ritmo natural de los ciclos, de manera de reconectarnos\u00a0con el pulso vital de nuestro ser,\u00a0 de la naturaleza, los acontecimientos y relaciones que se nos presentan a cada momento. Reserva tu lugar en: www.ticketplus.cl<\/p>\n<p>&nbsp;<\/p>","protected":false},"featured_media":4368,"template":"","meta":{"site-sidebar-layout":"default","site-content-layout":"default","ast-site-content-layout":"","site-content-style":"default","site-sidebar-style":"default","ast-global-header-display":"","ast-banner-title-visibility":"","ast-main-header-display":"","ast-hfb-above-header-display":"","ast-hfb-below-header-display":"","ast-hfb-mobile-header-display":"","site-post-title":"","ast-breadcrumbs-content":"","ast-featured-img":"","footer-sml-layout":"","theme-transparent-header-meta":"default","adv-header-id-meta":"","stick-header-meta":"","header-above-stick-meta":"","header-main-stick-meta":"","header-below-stick-meta":"","astra-migrate-meta-layouts":"default","ast-page-background-enabled":"default","ast-page-background-meta":{"desktop":{"background-color":"","background-image":"","background-repeat":"repeat","background-position":"center center","background-size":"auto","background-attachment":"scroll","background-type":"","background-media":"","overlay-type":"","overlay-color":"","overlay-opacity":"","overlay-gradient":""},"tablet":{"background-color":"","background-image":"","background-repeat":"repeat","background-position":"center center","background-size":"auto","background-attachment":"scroll","background-type":"","background-media":"","overlay-type":"","overlay-color":"","overlay-opacity":"","overlay-gradient":""},"mobile":{"background-color":"","background-image":"","background-repeat":"repeat","background-position":"center center","background-size":"auto","background-attachment":"scroll","background-type":"","background-media":"","overlay-type":"","overlay-color":"","overlay-opacity":"","overlay-gradient":""}},"ast-content-background-meta":{"desktop":{"background-color":"var(--ast-global-color-5)","background-image":"","background-repeat":"repeat","background-position":"center center","background-size":"auto","background-attachment":"scroll","background-type":"","background-media":"","overlay-type":"","overlay-color":"","overlay-opacity":"","overlay-gradient":""},"tablet":{"background-color":"var(--ast-global-color-5)","background-image":"","background-repeat":"repeat","background-position":"center center","background-size":"auto","background-attachment":"scroll","background-type":"","background-media":"","overlay-type":"","overlay-color":"","overlay-opacity":"","overlay-gradient":""},"mobile":{"background-color":"var(--ast-global-color-5)","background-image":"","background-repeat":"repeat","background-position":"center center","background-size":"auto","background-attachment":"scroll","background-type":"","background-media":"","overlay-type":"","overlay-color":"","overlay-opacity":"","overlay-gradient":""}}},"event_listing_category":[252],"event_listing_type":[258],"class_list":["post-3718","event_listing","type-event_listing","status-publish","has-post-thumbnail","hentry","event_listing_category-espiritualidad","event_listing_type-entrevista"],"yoast_head":"<!-- This site is optimized with the Yoast SEO plugin v23.7 - https:\/\/yoast.com\/wordpress\/plugins\/seo\/ -->\n<title>Patricia May - Fundacion Hypatia<\/title>\n<meta name=\"robots\" content=\"index, follow, max-snippet:-1, max-image-preview:large, max-video-preview:-1\" \/>\n<link rel=\"canonical\" href=\"https:\/\/hypatia.cl\/en\/evento\/hypatia-entrevista-patricia-may\/\" \/>\n<meta property=\"og:locale\" content=\"en_US\" \/>\n<meta property=\"og:type\" content=\"article\" \/>\n<meta property=\"og:title\" content=\"Patricia May - Fundacion Hypatia\" \/>\n<meta property=\"og:description\" content=\"El Jueves\u00a0 30 de Agosto a las 19:00 hrs continuamos con el Ciclo de Entrevistas Redes Virtuosas. En esta ocasi\u00f3n Fundaci\u00f3n Hypatia entrevista a la antrop\u00f3loga espiritual chilena Patricia May en el Teatro IF en Ave. Italia.\u00a0 Conversaremos con ella sobre\u00a0el bienestar y realizaci\u00f3n interna que genera el estar en armon\u00eda con nuestro prop\u00f3sito profundo, [&hellip;]\" \/>\n<meta property=\"og:url\" content=\"https:\/\/hypatia.cl\/en\/evento\/hypatia-entrevista-patricia-may\/\" \/>\n<meta property=\"og:site_name\" content=\"Fundacion Hypatia\" \/>\n<meta property=\"article:modified_time\" content=\"2022-04-14T15:26:33+00:00\" \/>\n<meta property=\"og:image\" content=\"https:\/\/hypatia.cl\/wp-content\/uploads\/2018\/08\/patricia-may-banner.jpg\" \/>\n\t<meta property=\"og:image:width\" content=\"1000\" \/>\n\t<meta property=\"og:image:height\" content=\"721\" \/>\n\t<meta property=\"og:image:type\" content=\"image\/jpeg\" \/>\n<meta name=\"twitter:card\" content=\"summary_large_image\" \/>\n<meta name=\"twitter:label1\" content=\"Est. reading time\" \/>\n\t<meta name=\"twitter:data1\" content=\"1 minute\" \/>\n<script type=\"application\/ld+json\" class=\"yoast-schema-graph\">{\"@context\":\"https:\/\/schema.org\",\"@graph\":[{\"@type\":\"WebPage\",\"@id\":\"https:\/\/hypatia.cl\/evento\/hypatia-entrevista-patricia-may\/\",\"url\":\"https:\/\/hypatia.cl\/evento\/hypatia-entrevista-patricia-may\/\",\"name\":\"Patricia May - Fundacion Hypatia\",\"isPartOf\":{\"@id\":\"https:\/\/hypatia.cl\/#website\"},\"primaryImageOfPage\":{\"@id\":\"https:\/\/hypatia.cl\/evento\/hypatia-entrevista-patricia-may\/#primaryimage\"},\"image\":{\"@id\":\"https:\/\/hypatia.cl\/evento\/hypatia-entrevista-patricia-may\/#primaryimage\"},\"thumbnailUrl\":\"https:\/\/hypatia.cl\/wp-content\/uploads\/2018\/08\/patricia-may-banner.jpg\",\"datePublished\":\"2018-08-06T17:55:28+00:00\",\"dateModified\":\"2022-04-14T15:26:33+00:00\",\"breadcrumb\":{\"@id\":\"https:\/\/hypatia.cl\/evento\/hypatia-entrevista-patricia-may\/#breadcrumb\"},\"inLanguage\":\"en-US\",\"potentialAction\":[{\"@type\":\"ReadAction\",\"target\":[\"https:\/\/hypatia.cl\/evento\/hypatia-entrevista-patricia-may\/\"]}]},{\"@type\":\"ImageObject\",\"inLanguage\":\"en-US\",\"@id\":\"https:\/\/hypatia.cl\/evento\/hypatia-entrevista-patricia-may\/#primaryimage\",\"url\":\"https:\/\/hypatia.cl\/wp-content\/uploads\/2018\/08\/patricia-may-banner.jpg\",\"contentUrl\":\"https:\/\/hypatia.cl\/wp-content\/uploads\/2018\/08\/patricia-may-banner.jpg\",\"width\":1000,\"height\":721},{\"@type\":\"BreadcrumbList\",\"@id\":\"https:\/\/hypatia.cl\/evento\/hypatia-entrevista-patricia-may\/#breadcrumb\",\"itemListElement\":[{\"@type\":\"ListItem\",\"position\":1,\"name\":\"Portada\",\"item\":\"https:\/\/hypatia.cl\/\"},{\"@type\":\"ListItem\",\"position\":2,\"name\":\"Patricia May\"}]},{\"@type\":\"WebSite\",\"@id\":\"https:\/\/hypatia.cl\/#website\",\"url\":\"https:\/\/hypatia.cl\/\",\"name\":\"Fundacion Hypatia\",\"description\":\"Espacios de meditaci\u00f3n y autocuidado\",\"publisher\":{\"@id\":\"https:\/\/hypatia.cl\/#organization\"},\"potentialAction\":[{\"@type\":\"SearchAction\",\"target\":{\"@type\":\"EntryPoint\",\"urlTemplate\":\"https:\/\/hypatia.cl\/?s={search_term_string}\"},\"query-input\":{\"@type\":\"PropertyValueSpecification\",\"valueRequired\":true,\"valueName\":\"search_term_string\"}}],\"inLanguage\":\"en-US\"},{\"@type\":\"Organization\",\"@id\":\"https:\/\/hypatia.cl\/#organization\",\"name\":\"Fundacion Hypatia\",\"url\":\"https:\/\/hypatia.cl\/\",\"logo\":{\"@type\":\"ImageObject\",\"inLanguage\":\"en-US\",\"@id\":\"https:\/\/hypatia.cl\/#\/schema\/logo\/image\/\",\"url\":\"https:\/\/hypatia.cl\/wp-content\/uploads\/2020\/11\/cropped-cropped-cropped-logo_hypatia_chile2-1.png\",\"contentUrl\":\"https:\/\/hypatia.cl\/wp-content\/uploads\/2020\/11\/cropped-cropped-cropped-logo_hypatia_chile2-1.png\",\"width\":225,\"height\":75,\"caption\":\"Fundacion Hypatia\"},\"image\":{\"@id\":\"https:\/\/hypatia.cl\/#\/schema\/logo\/image\/\"}}]}<\/script>\n<!-- \/ Yoast SEO plugin. -->","yoast_head_json":{"title":"Patricia May - Fundacion Hypatia","robots":{"index":"index","follow":"follow","max-snippet":"max-snippet:-1","max-image-preview":"max-image-preview:large","max-video-preview":"max-video-preview:-1"},"canonical":"https:\/\/hypatia.cl\/en\/evento\/hypatia-entrevista-patricia-may\/","og_locale":"en_US","og_type":"article","og_title":"Patricia May - Fundacion Hypatia","og_description":"El Jueves\u00a0 30 de Agosto a las 19:00 hrs continuamos con el Ciclo de Entrevistas Redes Virtuosas. En esta ocasi\u00f3n Fundaci\u00f3n Hypatia entrevista a la antrop\u00f3loga espiritual chilena Patricia May en el Teatro IF en Ave. Italia.\u00a0 Conversaremos con ella sobre\u00a0el bienestar y realizaci\u00f3n interna que genera el estar en armon\u00eda con nuestro prop\u00f3sito profundo, [&hellip;]","og_url":"https:\/\/hypatia.cl\/en\/evento\/hypatia-entrevista-patricia-may\/","og_site_name":"Fundacion Hypatia","article_modified_time":"2022-04-14T15:26:33+00:00","og_image":[{"width":1000,"height":721,"url":"https:\/\/hypatia.cl\/wp-content\/uploads\/2018\/08\/patricia-may-banner.jpg","type":"image\/jpeg"}],"twitter_card":"summary_large_image","twitter_misc":{"Est. reading time":"1 minute"},"schema":{"@context":"https:\/\/schema.org","@graph":[{"@type":"WebPage","@id":"https:\/\/hypatia.cl\/evento\/hypatia-entrevista-patricia-may\/","url":"https:\/\/hypatia.cl\/evento\/hypatia-entrevista-patricia-may\/","name":"Patricia May - Fundacion Hypatia","isPartOf":{"@id":"https:\/\/hypatia.cl\/#website"},"primaryImageOfPage":{"@id":"https:\/\/hypatia.cl\/evento\/hypatia-entrevista-patricia-may\/#primaryimage"},"image":{"@id":"https:\/\/hypatia.cl\/evento\/hypatia-entrevista-patricia-may\/#primaryimage"},"thumbnailUrl":"https:\/\/hypatia.cl\/wp-content\/uploads\/2018\/08\/patricia-may-banner.jpg","datePublished":"2018-08-06T17:55:28+00:00","dateModified":"2022-04-14T15:26:33+00:00","breadcrumb":{"@id":"https:\/\/hypatia.cl\/evento\/hypatia-entrevista-patricia-may\/#breadcrumb"},"inLanguage":"en-US","potentialAction":[{"@type":"ReadAction","target":["https:\/\/hypatia.cl\/evento\/hypatia-entrevista-patricia-may\/"]}]},{"@type":"ImageObject","inLanguage":"en-US","@id":"https:\/\/hypatia.cl\/evento\/hypatia-entrevista-patricia-may\/#primaryimage","url":"https:\/\/hypatia.cl\/wp-content\/uploads\/2018\/08\/patricia-may-banner.jpg","contentUrl":"https:\/\/hypatia.cl\/wp-content\/uploads\/2018\/08\/patricia-may-banner.jpg","width":1000,"height":721},{"@type":"BreadcrumbList","@id":"https:\/\/hypatia.cl\/evento\/hypatia-entrevista-patricia-may\/#breadcrumb","itemListElement":[{"@type":"ListItem","position":1,"name":"Portada","item":"https:\/\/hypatia.cl\/"},{"@type":"ListItem","position":2,"name":"Patricia May"}]},{"@type":"WebSite","@id":"https:\/\/hypatia.cl\/#website","url":"https:\/\/hypatia.cl\/","name":"Fundacion Hypatia","description":"Espacios de meditaci\u00f3n y autocuidado","publisher":{"@id":"https:\/\/hypatia.cl\/#organization"},"potentialAction":[{"@type":"SearchAction","target":{"@type":"EntryPoint","urlTemplate":"https:\/\/hypatia.cl\/?s={search_term_string}"},"query-input":{"@type":"PropertyValueSpecification","valueRequired":true,"valueName":"search_term_string"}}],"inLanguage":"en-US"},{"@type":"Organization","@id":"https:\/\/hypatia.cl\/#organization","name":"Fundacion Hypatia","url":"https:\/\/hypatia.cl\/","logo":{"@type":"ImageObject","inLanguage":"en-US","@id":"https:\/\/hypatia.cl\/#\/schema\/logo\/image\/","url":"https:\/\/hypatia.cl\/wp-content\/uploads\/2020\/11\/cropped-cropped-cropped-logo_hypatia_chile2-1.png","contentUrl":"https:\/\/hypatia.cl\/wp-content\/uploads\/2020\/11\/cropped-cropped-cropped-logo_hypatia_chile2-1.png","width":225,"height":75,"caption":"Fundacion Hypatia"},"image":{"@id":"https:\/\/hypatia.cl\/#\/schema\/logo\/image\/"}}]}},"_links":{"self":[{"href":"https:\/\/hypatia.cl\/en\/wp-json\/wp\/v2\/event_listing\/3718"}],"collection":[{"href":"https:\/\/hypatia.cl\/en\/wp-json\/wp\/v2\/event_listing"}],"about":[{"href":"https:\/\/hypatia.cl\/en\/wp-json\/wp\/v2\/types\/event_listing"}],"wp:featuredmedia":[{"embeddable":true,"href":"https:\/\/hypatia.cl\/en\/wp-json\/wp\/v2\/media\/4368"}],"wp:attachment":[{"href":"https:\/\/hypatia.cl\/en\/wp-json\/wp\/v2\/media?parent=3718"}],"wp:term":[{"taxonomy":"event_listing_category","embeddable":true,"href":"https:\/\/hypatia.cl\/en\/wp-json\/wp\/v2\/event_listing_category?post=3718"},{"taxonomy":"event_listing_type","embeddable":true,"href":"https:\/\/hypatia.cl\/en\/wp-json\/wp\/v2\/event_listing_type?post=3718"}],"curies":[{"name":"wp","href":"https:\/\/api.w.org\/{rel}","templated":true}]}}

<p>El Jueves  30 de Agosto a las 19:00 hrs continuamos con el Ciclo de Entrevistas Redes Virtuosas. En esta ocasión Fundación Hypatia entrevista a la antropóloga espiritual chilena Patricia May en el Teatro IF en Ave. Italia.  Conversaremos con ella sobre el bienestar y realización interna que genera el estar en armonía con nuestro propósito profundo, y cómo mantenernos atentos y abiertos a sintonizar con el ritmo natural de los ciclos, de manera de reconectarnos con el pulso vital de nuestro ser,  de la naturaleza, los acontecimientos y relaciones que se nos presentan a cada momento. Reserva tu lugar en: www.ticketplus.cl</p>
<p>&nbsp;</p>

<!-- This site is optimized with the Yoast SEO plugin v23.7 - https://yoast.com/wordpress/plugins/seo/ -->
<title>Patricia May - Fundacion Hypatia</title>
<meta name="robots" content="index, follow, max-snippet:-1, max-image-preview:large, max-video-preview:-1" />
<link rel="canonical" href="https://hypatia.cl/en/evento/hypatia-entrevista-patricia-may/" />
<meta property="og:locale" content="en_US" />
<meta property="og:type" content="article" />
<meta property="og:title" content="Patricia May - Fundacion Hypatia" />
<meta property="og:description" content="El Jueves  30 de Agosto a las 19:00 hrs continuamos con el Ciclo de Entrevistas Redes Virtuosas. En esta ocasión Fundación Hypatia entrevista a la antropóloga espiritual chilena Patricia May en el Teatro IF en Ave. Italia.  Conversaremos con ella sobre el bienestar y realización interna que genera el estar en armonía con nuestro propósito profundo, [&hellip;]" />
<meta property="og:url" content="https://hypatia.cl/en/evento/hypatia-entrevista-patricia-may/" />
<meta property="og:site_name" content="Fundacion Hypatia" />
<meta property="article:modified_time" content="2022-04-14T15:26:33+00:00" />
<meta property="og:image" content="https://hypatia.cl/wp-content/uploads/2018/08/patricia-may-banner.jpg" />
	<meta property="og:image:width" content="1000" />
	<meta property="og:image:height" content="721" />
	<meta property="og:image:type" content="image/jpeg" />
<meta name="twitter:card" content="summary_large_image" />
<meta name="twitter:label1" content="Est. reading time" />
	<meta name="twitter:data1" content="1 minute" />
<script type="application/ld+json" class="yoast-schema-graph">{"@context":"https://schema.org","@graph":[{"@type":"WebPage","@id":"https://hypatia.cl/evento/hypatia-entrevista-patricia-may/","url":"https://hypatia.cl/evento/hypatia-entrevista-patricia-may/","name":"Patricia May - Fundacion Hypatia","isPartOf":{"@id":"https://hypatia.cl/#website"},"primaryImageOfPage":{"@id":"https://hypatia.cl/evento/hypatia-entrevista-patricia-may/#primaryimage"},"image":{"@id":"https://hypatia.cl/evento/hypatia-entrevista-patricia-may/#primaryimage"},"thumbnailUrl":"https://hypatia.cl/wp-content/uploads/2018/08/patricia-may-banner.jpg","datePublished":"2018-08-06T17:55:28+00:00","dateModified":"2022-04-14T15:26:33+00:00","breadcrumb":{"@id":"https://hypatia.cl/evento/hypatia-entrevista-patricia-may/#breadcrumb"},"inLanguage":"en-US","potentialAction":[{"@type":"ReadAction","target":["https://hypatia.cl/evento/hypatia-entrevista-patricia-may/"]}]},{"@type":"ImageObject","inLanguage":"en-US","@id":"https://hypatia.cl/evento/hypatia-entrevista-patricia-may/#primaryimage","url":"https://hypatia.cl/wp-content/uploads/2018/08/patricia-may-banner.jpg","contentUrl":"https://hypatia.cl/wp-content/uploads/2018/08/patricia-may-banner.jpg","width":1000,"height":721},{"@type":"BreadcrumbList","@id":"https://hypatia.cl/evento/hypatia-entrevista-patricia-may/#breadcrumb","itemListElement":[{"@type":"ListItem","position":1,"name":"Portada","item":"https://hypatia.cl/"},{"@type":"ListItem","position":2,"name":"Patricia May"}]},{"@type":"WebSite","@id":"https://hypatia.cl/#website","url":"https://hypatia.cl/","name":"Fundacion Hypatia","description":"Espacios de meditación y autocuidado","publisher":{"@id":"https://hypatia.cl/#organization"},"potentialAction":[{"@type":"SearchAction","target":{"@type":"EntryPoint","urlTemplate":"https://hypatia.cl/?s={search_term_string}"},"query-input":{"@type":"PropertyValueSpecification","valueRequired":true,"valueName":"search_term_string"}}],"inLanguage":"en-US"},{"@type":"Organization","@id":"https://hypatia.cl/#organization","name":"Fundacion Hypatia","url":"https://hypatia.cl/","logo":{"@type":"ImageObject","inLanguage":"en-US","@id":"https://hypatia.cl/#/schema/logo/image/","url":"https://hypatia.cl/wp-content/uploads/2020/11/cropped-cropped-cropped-logo_hypatia_chile2-1.png","contentUrl":"https://hypatia.cl/wp-content/uploads/2020/11/cropped-cropped-cropped-logo_hypatia_chile2-1.png","width":225,"height":75,"caption":"Fundacion Hypatia"},"image":{"@id":"https://hypatia.cl/#/schema/logo/image/"}}]}</script>
<!-- / Yoast SEO plugin. -->

El Jueves  30 de Agosto a las 19:00 hrs continuamos con el Ciclo de Entrevistas Redes Virtuosas. En esta ocasión Fundación Hypatia entrevista a la antropóloga espiritual chilena Patricia May en el Teatro IF en Ave. Italia.  Conversaremos con ella sobre el bienestar y realización interna que genera el estar en armonía con nuestro propósito profundo, [&hellip;]

Espacios de meditación y autocuidado
